{"id":3184,"date":"2023-04-14T14:28:35","date_gmt":"2023-04-14T19:28:35","guid":{"rendered":"https:\/\/manrent.com.mx\/?post_type=product&#038;p=3184"},"modified":"2023-04-24T13:49:25","modified_gmt":"2023-04-24T18:49:25","slug":"lanzadora-de-concreto","status":"publish","type":"product","link":"https:\/\/manrent.com.mx\/?product=lanzadora-de-concreto","title":{"rendered":"Lanzadora de Concreto LS600NP"},"content":{"rendered":"<p>MARCA CIPSA<\/p>\n<p>Modelo LS600NP<\/p>\n<div class=\"ewa-rteLine\">Volumen de salida yds3\/hr(m3\/Hr) 0 a 60 (0 a 46)<\/div>\n<div class=\"ewa-rteLine\">Tama\u00f1o m\u00e1ximo de agregado-pulg (mm) 1 1\/2(38)<\/div>\n<div class=\"ewa-rteLine\">Distancia de bombeo vertical-pies(m) 160(50)<\/div>\n<div class=\"ewa-rteLine\">Distancia de bombeo horizontal-pies(m) 660(200)<\/div>\n<div class=\"ewa-rteLine\">Presi\u00f3n m\u00e1xima de bombeo-psi (bar) 1,100(70)<\/div>\n<div class=\"ewa-rteLine\">Cilindros de concreto-pulg(mm) 6&#215;36(152&#215;914)<\/div>\n<div class=\"ewa-rteLine\">Cilindros hidr\u00e1ulicos-pulg(mm) 3&#215;36(76&#215;914)<\/div>\n<div class=\"ewa-rteLine\">Cubierta de motor Est\u00e1ndar<\/div>\n<div class=\"ewa-rteLine\">Capacidad de aceite hidr\u00e1ulico-gal (Lts) 58(219)<\/div>\n<div class=\"ewa-rteLine\">Enfriador de aceite hidr\u00e1ulico con ventilador<\/div>\n<div class=\"ewa-rteLine\">Salida de la bomba-pulg(mm) 5(127)HD<\/div>\n<div class=\"ewa-rteLine\">Remezclador en la tolva Est\u00e1ndar<\/div>\n<div class=\"ewa-rteLine\">Altura de la tolva-pulg (mm) 42(1,067)<\/div>\n<div class=\"ewa-rteLine\">Capacidad de la tolva-pies cu. (Lts) 10(283)<\/div>\n<div class=\"ewa-rteLine\">Capacidad de tanque combustible-gal(Lts) 40 (151)<\/div>\n<div class=\"ewa-rteLine\">Frenos Tipo Hidr\u00e1ulico<\/div>\n<div class=\"ewa-rteLine\">LargoxAnchoxAltura-pulg(cm) 172x67x55 (437x170x140)<\/div>\n<div class=\"ewa-rteLine\">Peso sin combustible-lbs(kg) 5,190(2,354)<\/div>\n<div class=\"ewa-rteLine\">Motor-HP(kw) Perkins Turbo Diesel 108HP 1104D-44TA<\/div>\n","protected":false},"excerpt":{"rendered":"<p>MARCA CIPSA Modelo LS600NP Volumen de salida yds3\/hr(m3\/Hr) 0 a 60 (0 a 46) Tama\u00f1o m\u00e1ximo de agregado-pulg (mm) 1 1\/2(38) Distancia de bombeo vertical-pies(m) 160(50) Distancia de bombeo horizontal-pies(m) 660(200) Presi\u00f3n m\u00e1xima de bombeo-psi (bar) 1,100(70) Cilindros de concreto-pulg(mm) 6&#215;36(152&#215;914) Cilindros hidr\u00e1ulicos-pulg(mm) 3&#215;36(76&#215;914) Cubierta de motor Est\u00e1ndar Capacidad de aceite hidr\u00e1ulico-gal (Lts) 58(219) Enfriador [&hellip;]<\/p>\n","protected":false},"featured_media":3239,"comment_status":"open","ping_status":"closed","template":"","meta":{"_eb_attr":"","site-sidebar-layout":"right-sidebar","site-content-layout":"default","ast-site-content-layout":"","site-content-style":"default","site-sidebar-style":"default","ast-global-header-display":"","ast-banner-title-visibility":"","ast-main-header-display":"","ast-hfb-above-header-display":"","ast-hfb-below-header-display":"","ast-hfb-mobile-header-display":"","site-post-title":"","ast-breadcrumbs-content":"","ast-featured-img":"","footer-sml-layout":"","theme-transparent-header-meta":"default","adv-header-id-meta":"","stick-header-meta":"","header-above-stick-meta":"","header-main-stick-meta":"","header-below-stick-meta":"","astra-migrate-meta-layouts":"default","ast-page-background-enabled":"default","ast-page-background-meta":{"desktop":{"background-color":"","background-image":"","background-repeat":"repeat","background-position":"center center","background-size":"auto","background-attachment":"scroll","background-type":"","background-media":"","overlay-type":"","overlay-color":"","overlay-opacity":"","overlay-gradient":""},"tablet":{"background-color":"","background-image":"","background-repeat":"repeat","background-position":"center center","background-size":"auto","background-attachment":"scroll","background-type":"","background-media":"","overlay-type":"","overlay-color":"","overlay-opacity":"","overlay-gradient":""},"mobile":{"background-color":"","background-image":"","background-repeat":"repeat","background-position":"center center","background-size":"auto","background-attachment":"scroll","background-type":"","background-media":"","overlay-type":"","overlay-color":"","overlay-opacity":"","overlay-gradient":""}},"ast-content-background-meta":{"desktop":{"background-color":"var(--ast-global-color-5)","background-image":"","background-repeat":"repeat","background-position":"center center","background-size":"auto","background-attachment":"scroll","background-type":"","background-media":"","overlay-type":"","overlay-color":"","overlay-opacity":"","overlay-gradient":""},"tablet":{"background-color":"var(--ast-global-color-5)","background-image":"","background-repeat":"repeat","background-position":"center center","background-size":"auto","background-attachment":"scroll","background-type":"","background-media":"","overlay-type":"","overlay-color":"","overlay-opacity":"","overlay-gradient":""},"mobile":{"background-color":"var(--ast-global-color-5)","background-image":"","background-repeat":"repeat","background-position":"center center","background-size":"auto","background-attachment":"scroll","background-type":"","background-media":"","overlay-type":"","overlay-color":"","overlay-opacity":"","overlay-gradient":""}},"_joinchat":[]},"product_cat":[20],"product_tag":[72,82,81],"yoast_head":"<!-- This site is optimized with the Yoast SEO plugin v21.8.1 - https:\/\/yoast.com\/wordpress\/plugins\/seo\/ -->\n<title>Lanzadora de Concreto LS600NP - MANRENT<\/title>\n<meta name=\"robots\" content=\"index, follow, max-snippet:-1, max-image-preview:large, max-video-preview:-1\" \/>\n<link rel=\"canonical\" href=\"https:\/\/manrent.com.mx\/?product=lanzadora-de-concreto\" \/>\n<meta property=\"og:locale\" content=\"es_MX\" \/>\n<meta property=\"og:type\" content=\"article\" \/>\n<meta property=\"og:title\" content=\"Lanzadora de Concreto LS600NP - MANRENT\" \/>\n<meta property=\"og:description\" content=\"MARCA CIPSA Modelo LS600NP Volumen de salida yds3\/hr(m3\/Hr) 0 a 60 (0 a 46) Tama\u00f1o m\u00e1ximo de agregado-pulg (mm) 1 1\/2(38) Distancia de bombeo vertical-pies(m) 160(50) Distancia de bombeo horizontal-pies(m) 660(200) Presi\u00f3n m\u00e1xima de bombeo-psi (bar) 1,100(70) Cilindros de concreto-pulg(mm) 6&#215;36(152&#215;914) Cilindros hidr\u00e1ulicos-pulg(mm) 3&#215;36(76&#215;914) Cubierta de motor Est\u00e1ndar Capacidad de aceite hidr\u00e1ulico-gal (Lts) 58(219) Enfriador [&hellip;]\" \/>\n<meta property=\"og:url\" content=\"https:\/\/manrent.com.mx\/?product=lanzadora-de-concreto\" \/>\n<meta property=\"og:site_name\" content=\"MANRENT\" \/>\n<meta property=\"article:modified_time\" content=\"2023-04-24T18:49:25+00:00\" \/>\n<meta property=\"og:image\" content=\"https:\/\/manrent.com.mx\/wp-content\/uploads\/2023\/04\/lanzadora-de-concreto-LS600NP.png\" \/>\n\t<meta property=\"og:image:width\" content=\"800\" \/>\n\t<meta property=\"og:image:height\" content=\"600\" \/>\n\t<meta property=\"og:image:type\" content=\"image\/png\" \/>\n<meta name=\"twitter:card\" content=\"summary_large_image\" \/>\n<meta name=\"twitter:label1\" content=\"Tiempo de lectura\" \/>\n\t<meta name=\"twitter:data1\" content=\"1 minuto\" \/>\n<script type=\"application\/ld+json\" class=\"yoast-schema-graph\">{\"@context\":\"https:\/\/schema.org\",\"@graph\":[{\"@type\":\"WebPage\",\"@id\":\"https:\/\/manrent.com.mx\/?product=lanzadora-de-concreto\",\"url\":\"https:\/\/manrent.com.mx\/?product=lanzadora-de-concreto\",\"name\":\"Lanzadora de Concreto LS600NP - MANRENT\",\"isPartOf\":{\"@id\":\"https:\/\/manrent.com.mx\/#website\"},\"datePublished\":\"2023-04-14T19:28:35+00:00\",\"dateModified\":\"2023-04-24T18:49:25+00:00\",\"breadcrumb\":{\"@id\":\"https:\/\/manrent.com.mx\/?product=lanzadora-de-concreto#breadcrumb\"},\"inLanguage\":\"es-MX\",\"potentialAction\":[{\"@type\":\"ReadAction\",\"target\":[\"https:\/\/manrent.com.mx\/?product=lanzadora-de-concreto\"]}]},{\"@type\":\"BreadcrumbList\",\"@id\":\"https:\/\/manrent.com.mx\/?product=lanzadora-de-concreto#breadcrumb\",\"itemListElement\":[{\"@type\":\"ListItem\",\"position\":1,\"name\":\"Inicio\",\"item\":\"https:\/\/manrent.com.mx\/\"},{\"@type\":\"ListItem\",\"position\":2,\"name\":\"Cat\u00e1logo de Productos\",\"item\":\"https:\/\/manrent.com.mx\/?page_id=3037\"},{\"@type\":\"ListItem\",\"position\":3,\"name\":\"Lanzadora de Concreto LS600NP\"}]},{\"@type\":\"WebSite\",\"@id\":\"https:\/\/manrent.com.mx\/#website\",\"url\":\"https:\/\/manrent.com.mx\/\",\"name\":\"MANRENT\",\"description\":\"Renta de Maquinaria Pesada y Equipo\",\"publisher\":{\"@id\":\"https:\/\/manrent.com.mx\/#organization\"},\"potentialAction\":[{\"@type\":\"SearchAction\",\"target\":{\"@type\":\"EntryPoint\",\"urlTemplate\":\"https:\/\/manrent.com.mx\/?s={search_term_string}\"},\"query-input\":\"required name=search_term_string\"}],\"inLanguage\":\"es-MX\"},{\"@type\":\"Organization\",\"@id\":\"https:\/\/manrent.com.mx\/#organization\",\"name\":\"Manrent\",\"url\":\"https:\/\/manrent.com.mx\/\",\"logo\":{\"@type\":\"ImageObject\",\"inLanguage\":\"es-MX\",\"@id\":\"https:\/\/manrent.com.mx\/#\/schema\/logo\/image\/\",\"url\":\"https:\/\/manrent.com.mx\/wp-content\/uploads\/2020\/12\/LOGO-SIN-FONDO-NUEVO-2.png\",\"contentUrl\":\"https:\/\/manrent.com.mx\/wp-content\/uploads\/2020\/12\/LOGO-SIN-FONDO-NUEVO-2.png\",\"width\":262,\"height\":168,\"caption\":\"Manrent\"},\"image\":{\"@id\":\"https:\/\/manrent.com.mx\/#\/schema\/logo\/image\/\"}}]}<\/script>\n<!-- \/ Yoast SEO plugin. -->","yoast_head_json":{"title":"Lanzadora de Concreto LS600NP - MANRENT","robots":{"index":"index","follow":"follow","max-snippet":"max-snippet:-1","max-image-preview":"max-image-preview:large","max-video-preview":"max-video-preview:-1"},"canonical":"https:\/\/manrent.com.mx\/?product=lanzadora-de-concreto","og_locale":"es_MX","og_type":"article","og_title":"Lanzadora de Concreto LS600NP - MANRENT","og_description":"MARCA CIPSA Modelo LS600NP Volumen de salida yds3\/hr(m3\/Hr) 0 a 60 (0 a 46) Tama\u00f1o m\u00e1ximo de agregado-pulg (mm) 1 1\/2(38) Distancia de bombeo vertical-pies(m) 160(50) Distancia de bombeo horizontal-pies(m) 660(200) Presi\u00f3n m\u00e1xima de bombeo-psi (bar) 1,100(70) Cilindros de concreto-pulg(mm) 6&#215;36(152&#215;914) Cilindros hidr\u00e1ulicos-pulg(mm) 3&#215;36(76&#215;914) Cubierta de motor Est\u00e1ndar Capacidad de aceite hidr\u00e1ulico-gal (Lts) 58(219) Enfriador [&hellip;]","og_url":"https:\/\/manrent.com.mx\/?product=lanzadora-de-concreto","og_site_name":"MANRENT","article_modified_time":"2023-04-24T18:49:25+00:00","og_image":[{"width":800,"height":600,"url":"https:\/\/manrent.com.mx\/wp-content\/uploads\/2023\/04\/lanzadora-de-concreto-LS600NP.png","type":"image\/png"}],"twitter_card":"summary_large_image","twitter_misc":{"Tiempo de lectura":"1 minuto"},"schema":{"@context":"https:\/\/schema.org","@graph":[{"@type":"WebPage","@id":"https:\/\/manrent.com.mx\/?product=lanzadora-de-concreto","url":"https:\/\/manrent.com.mx\/?product=lanzadora-de-concreto","name":"Lanzadora de Concreto LS600NP - MANRENT","isPartOf":{"@id":"https:\/\/manrent.com.mx\/#website"},"datePublished":"2023-04-14T19:28:35+00:00","dateModified":"2023-04-24T18:49:25+00:00","breadcrumb":{"@id":"https:\/\/manrent.com.mx\/?product=lanzadora-de-concreto#breadcrumb"},"inLanguage":"es-MX","potentialAction":[{"@type":"ReadAction","target":["https:\/\/manrent.com.mx\/?product=lanzadora-de-concreto"]}]},{"@type":"BreadcrumbList","@id":"https:\/\/manrent.com.mx\/?product=lanzadora-de-concreto#breadcrumb","itemListElement":[{"@type":"ListItem","position":1,"name":"Inicio","item":"https:\/\/manrent.com.mx\/"},{"@type":"ListItem","position":2,"name":"Cat\u00e1logo de Productos","item":"https:\/\/manrent.com.mx\/?page_id=3037"},{"@type":"ListItem","position":3,"name":"Lanzadora de Concreto LS600NP"}]},{"@type":"WebSite","@id":"https:\/\/manrent.com.mx\/#website","url":"https:\/\/manrent.com.mx\/","name":"MANRENT","description":"Renta de Maquinaria Pesada y Equipo","publisher":{"@id":"https:\/\/manrent.com.mx\/#organization"},"potentialAction":[{"@type":"SearchAction","target":{"@type":"EntryPoint","urlTemplate":"https:\/\/manrent.com.mx\/?s={search_term_string}"},"query-input":"required name=search_term_string"}],"inLanguage":"es-MX"},{"@type":"Organization","@id":"https:\/\/manrent.com.mx\/#organization","name":"Manrent","url":"https:\/\/manrent.com.mx\/","logo":{"@type":"ImageObject","inLanguage":"es-MX","@id":"https:\/\/manrent.com.mx\/#\/schema\/logo\/image\/","url":"https:\/\/manrent.com.mx\/wp-content\/uploads\/2020\/12\/LOGO-SIN-FONDO-NUEVO-2.png","contentUrl":"https:\/\/manrent.com.mx\/wp-content\/uploads\/2020\/12\/LOGO-SIN-FONDO-NUEVO-2.png","width":262,"height":168,"caption":"Manrent"},"image":{"@id":"https:\/\/manrent.com.mx\/#\/schema\/logo\/image\/"}}]}},"jetpack_sharing_enabled":true,"_links":{"self":[{"href":"https:\/\/manrent.com.mx\/index.php?rest_route=\/wp\/v2\/product\/3184"}],"collection":[{"href":"https:\/\/manrent.com.mx\/index.php?rest_route=\/wp\/v2\/product"}],"about":[{"href":"https:\/\/manrent.com.mx\/index.php?rest_route=\/wp\/v2\/types\/product"}],"replies":[{"embeddable":true,"href":"https:\/\/manrent.com.mx\/index.php?rest_route=%2Fwp%2Fv2%2Fcomments&post=3184"}],"version-history":[{"count":2,"href":"https:\/\/manrent.com.mx\/index.php?rest_route=\/wp\/v2\/product\/3184\/revisions"}],"predecessor-version":[{"id":3240,"href":"https:\/\/manrent.com.mx\/index.php?rest_route=\/wp\/v2\/product\/3184\/revisions\/3240"}],"wp:featuredmedia":[{"embeddable":true,"href":"https:\/\/manrent.com.mx\/index.php?rest_route=\/wp\/v2\/media\/3239"}],"wp:attachment":[{"href":"https:\/\/manrent.com.mx\/index.php?rest_route=%2Fwp%2Fv2%2Fmedia&parent=3184"}],"wp:term":[{"taxonomy":"product_cat","embeddable":true,"href":"https:\/\/manrent.com.mx\/index.php?rest_route=%2Fwp%2Fv2%2Fproduct_cat&post=3184"},{"taxonomy":"product_tag","embeddable":true,"href":"https:\/\/manrent.com.mx\/index.php?rest_route=%2Fwp%2Fv2%2Fproduct_tag&post=3184"}],"curies":[{"name":"wp","href":"https:\/\/api.w.org\/{rel}","templated":true}]}}