{"id":3054,"date":"2023-03-16T15:56:25","date_gmt":"2023-03-16T21:56:25","guid":{"rendered":"https:\/\/manrent.com.mx\/?post_type=product&#038;p=3054"},"modified":"2023-04-27T13:46:12","modified_gmt":"2023-04-27T18:46:12","slug":"bomba-para-concreto-bsf36z","status":"publish","type":"product","link":"https:\/\/manrent.com.mx\/?product=bomba-para-concreto-bsf36z","title":{"rendered":"Bomba para Concreto BSF36Z"},"content":{"rendered":"<p>Marca PUTZMEISTER<\/p>\n<p>Modelo BSF36Z<\/p>\n<div class=\"ewa-rteLine\">Especificaciones de la pluma \u2022 Dise\u00f1o en Z m\u00faltiple<\/div>\n<div class=\"ewa-rteLine\">Altura y alcance<\/div>\n<div class=\"ewa-rteLine\">Alcance vertical 35,59 m (116&#8242; 9&#8243;)<\/div>\n<div class=\"ewa-rteLine\">Alcance horizontal 31,70 m (104&#8242;)<\/div>\n<div class=\"ewa-rteLine\">Alcance desde la parte delantera del cami\u00f3n* 29,34 m (96&#8242; 3&#8243;)<\/div>\n<div class=\"ewa-rteLine\">Profundidad de alcance 22,76 m (74&#8242; 8&#8243;)<\/div>\n<div class=\"ewa-rteLine\">Altura de despliegue 8,71 m (28&#8242; 7&#8243;)<\/div>\n<div class=\"ewa-rteLine\">Pluma de 4 secciones<\/div>\n<div class=\"ewa-rteLine\">Articulaci\u00f3n de la 1\u00aa secci\u00f3n 103\u02da<\/div>\n<div class=\"ewa-rteLine\">Articulaci\u00f3n de la 2\u00aa secci\u00f3n 180\u02da<\/div>\n<div class=\"ewa-rteLine\">Articulaci\u00f3n de la 3\u00aa secci\u00f3n 246\u02da<\/div>\n<div class=\"ewa-rteLine\">Articulaci\u00f3n de la 4\u00aa secci\u00f3n 234\u02da<\/div>\n<div class=\"ewa-rteLine\">Longitud de la 1\u00aa secci\u00f3n 8,74 m (28&#8242; 8&#8243;)<\/div>\n<div class=\"ewa-rteLine\">Longitud de la 2\u00aa secci\u00f3n 7,70 m (25&#8242; 3&#8243;)<\/div>\n<div class=\"ewa-rteLine\">Longitud de la 3\u00aa secci\u00f3n 7,72 m (25&#8242; 4&#8243;)<\/div>\n<div class=\"ewa-rteLine\">Longitud de la 4\u00aa secci\u00f3n 7,54 m (24&#8242; 9&#8243;)<\/div>\n<div class=\"ewa-rteLine\">Especificaciones generales<\/div>\n<div class=\"ewa-rteLine\">Tama\u00f1o de la tuber\u00eda (DI) terminales m\u00e9tricos 125 mm (5&#8243;)<\/div>\n<div class=\"ewa-rteLine\">Rotaci\u00f3n 365\u02da<\/div>\n<div class=\"ewa-rteLine\">Manguera final: Longitud 3 m (10&#8242;)<\/div>\n<div class=\"ewa-rteLine\">Manguera final: Di\u00e1metro 125 mm (5&#8243;)<\/div>\n<div class=\"ewa-rteLine\">Distancia entre los estabilizadores 6,27 m (20&#8242; 7&#8243;)<\/div>\n<div class=\"ewa-rteLine\">delanteros se extienden de manera<\/div>\n<div class=\"ewa-rteLine\">hidr\u00e1ulica hacia afuera y hacia abajo<\/div>\n<div class=\"ewa-rteLine\">Alcance de los estabilizadores traseros 6,60 m (21&#8242; 8&#8243;)<\/div>\n<div class=\"ewa-rteLine\">izquierdo y derecho oscilan de<\/div>\n<div class=\"ewa-rteLine\">manera hidr\u00e1ulica hacia afuera<\/div>\n<div class=\"ewa-rteLine\">y se extienden hacia abajo<\/div>\n<div class=\"ewa-rteLine\">Especificaciones de la bomba 36Z.12L 36Z.16H<\/div>\n<div class=\"ewa-rteLine\">Salida: Lado del v\u00e1stago 109 m3<\/div>\n<div class=\"ewa-rteLine\">\/hr (142 yd3<\/div>\n<div class=\"ewa-rteLine\">\/hr) 160 m3<\/div>\n<div class=\"ewa-rteLine\">\/hr (210 yd3<\/div>\n<div class=\"ewa-rteLine\">\/hr)<\/div>\n<div class=\"ewa-rteLine\">Lado del pist\u00f3n 65 m3<\/div>\n<div class=\"ewa-rteLine\">\/hr (85 yd3<\/div>\n<div class=\"ewa-rteLine\">\/hr) 112 m3<\/div>\n<div class=\"ewa-rteLine\">\/hr (146 yd3<\/div>\n<div class=\"ewa-rteLine\">\/hr)<\/div>\n<div class=\"ewa-rteLine\">Presi\u00f3n: Lado del v\u00e1stago 70 bar (1015 psi) 85 bar (1233 psi)<\/div>\n<div class=\"ewa-rteLine\">Lado del pist\u00f3n 112 bar (1624 psi)\u2022 130 bar (1885 psi)\u2022<\/div>\n<div class=\"ewa-rteLine\">Di\u00e1metro del cilindro de material 230 mm (9&#8243;) 230 mm (9&#8243;)<\/div>\n<div class=\"ewa-rteLine\">Longitud del recorrido 2100 mm (83&#8243;) 2100 mm (83&#8243;)<\/div>\n<div class=\"ewa-rteLine\">Recorridos m\u00e1x. por minuto:<\/div>\n<div class=\"ewa-rteLine\">Lado del v\u00e1stago 21 31<\/div>\n<div class=\"ewa-rteLine\">Lado del pist\u00f3n 13 21<\/div>\n<div class=\"ewa-rteLine\">Control de volumen 0 a lleno 0 a lleno<\/div>\n<div class=\"ewa-rteLine\">Vibrador Est\u00e1ndar Est\u00e1ndar<\/div>\n<div class=\"ewa-rteLine\">Cilindros de material de cromo duro Est\u00e1ndar Est\u00e1ndar<\/div>\n<div class=\"ewa-rteLine\">Sistema hidr\u00e1ulico Flujo libre Flujo libre<\/div>\n<div class=\"ewa-rteLine\">Presi\u00f3n del sistema 350 bar (5075 psi) 350 bar (5075 psi) hidr\u00e1ulico<\/div>\n<div class=\"ewa-rteLine\">Di\u00e1metro del cilindro diferencial 130 mm (5,1&#8243;) 140 mm (5,5&#8243;)<\/div>\n<div class=\"ewa-rteLine\">Di\u00e1metro del v\u00e1stago 80 mm (3,1&#8243;) 80 mm (3,1&#8243;)<\/div>\n<div class=\"ewa-rteLine\">Tama\u00f1o m\u00e1ximo de agregado 63 mm (2,5&#8243;) 63 mm (2,5&#8243;)<\/div>\n<div class=\"ewa-rteLine\">Dep\u00f3sito de agua 700 L (185 galones) 700 L (185 galones)<\/div>\n<div class=\"ewa-rteLine\">Se indican los valores te\u00f3ricos m\u00e1ximos.<\/div>\n<div class=\"ewa-rteLine\">* Se aplica a las unidades montadas en un cami\u00f3n PMA: MACK MRU 688S<\/div>\n<div class=\"ewa-rteLine\">\u2022 El sistema de tubos de descarga est\u00e1ndar est\u00e1 clasificado para una presi\u00f3n m\u00e1xima<\/div>\n<div class=\"ewa-rteLine\">de 85 bar (1233 psi)<\/div>\n<div class=\"ewa-rteLine\">Especificaciones de la 36Z-Metros montada en cami\u00f3n<\/div>\n<div class=\"ewa-rteLine\">Basada en el modelo MACK MRU 688S con unidad de bombeo de 0,16 HL<\/div>\n","protected":false},"excerpt":{"rendered":"<p>Marca PUTZMEISTER Modelo BSF36Z Especificaciones de la pluma \u2022 Dise\u00f1o en Z m\u00faltiple Altura y alcance Alcance vertical 35,59 m (116&#8242; 9&#8243;) Alcance horizontal 31,70 m (104&#8242;) Alcance desde la parte delantera del cami\u00f3n* 29,34 m (96&#8242; 3&#8243;) Profundidad de alcance 22,76 m (74&#8242; 8&#8243;) Altura de despliegue 8,71 m (28&#8242; 7&#8243;) Pluma de 4 [&hellip;]<\/p>\n","protected":false},"featured_media":3329,"comment_status":"open","ping_status":"closed","template":"","meta":{"_eb_attr":"","site-sidebar-layout":"right-sidebar","site-content-layout":"default","ast-site-content-layout":"","site-content-style":"default","site-sidebar-style":"default","ast-global-header-display":"","ast-banner-title-visibility":"","ast-main-header-display":"","ast-hfb-above-header-display":"","ast-hfb-below-header-display":"","ast-hfb-mobile-header-display":"","site-post-title":"","ast-breadcrumbs-content":"","ast-featured-img":"","footer-sml-layout":"","theme-transparent-header-meta":"default","adv-header-id-meta":"","stick-header-meta":"","header-above-stick-meta":"","header-main-stick-meta":"","header-below-stick-meta":"","astra-migrate-meta-layouts":"default","ast-page-background-enabled":"default","ast-page-background-meta":{"desktop":{"background-color":"","background-image":"","background-repeat":"repeat","background-position":"center center","background-size":"auto","background-attachment":"scroll","background-type":"","background-media":"","overlay-type":"","overlay-color":"","overlay-opacity":"","overlay-gradient":""},"tablet":{"background-color":"","background-image":"","background-repeat":"repeat","background-position":"center center","background-size":"auto","background-attachment":"scroll","background-type":"","background-media":"","overlay-type":"","overlay-color":"","overlay-opacity":"","overlay-gradient":""},"mobile":{"background-color":"","background-image":"","background-repeat":"repeat","background-position":"center center","background-size":"auto","background-attachment":"scroll","background-type":"","background-media":"","overlay-type":"","overlay-color":"","overlay-opacity":"","overlay-gradient":""}},"ast-content-background-meta":{"desktop":{"background-color":"var(--ast-global-color-5)","background-image":"","background-repeat":"repeat","background-position":"center center","background-size":"auto","background-attachment":"scroll","background-type":"","background-media":"","overlay-type":"","overlay-color":"","overlay-opacity":"","overlay-gradient":""},"tablet":{"background-color":"var(--ast-global-color-5)","background-image":"","background-repeat":"repeat","background-position":"center center","background-size":"auto","background-attachment":"scroll","background-type":"","background-media":"","overlay-type":"","overlay-color":"","overlay-opacity":"","overlay-gradient":""},"mobile":{"background-color":"var(--ast-global-color-5)","background-image":"","background-repeat":"repeat","background-position":"center center","background-size":"auto","background-attachment":"scroll","background-type":"","background-media":"","overlay-type":"","overlay-color":"","overlay-opacity":"","overlay-gradient":""}},"_joinchat":[]},"product_cat":[20],"product_tag":[29],"yoast_head":"<!-- This site is optimized with the Yoast SEO plugin v21.8.1 - https:\/\/yoast.com\/wordpress\/plugins\/seo\/ -->\n<title>Bomba para Concreto BSF36Z - MANRENT<\/title>\n<meta name=\"robots\" content=\"index, follow, max-snippet:-1, max-image-preview:large, max-video-preview:-1\" \/>\n<link rel=\"canonical\" href=\"https:\/\/manrent.com.mx\/?product=bomba-para-concreto-bsf36z\" \/>\n<meta property=\"og:locale\" content=\"es_MX\" \/>\n<meta property=\"og:type\" content=\"article\" \/>\n<meta property=\"og:title\" content=\"Bomba para Concreto BSF36Z - MANRENT\" \/>\n<meta property=\"og:description\" content=\"Marca PUTZMEISTER Modelo BSF36Z Especificaciones de la pluma \u2022 Dise\u00f1o en Z m\u00faltiple Altura y alcance Alcance vertical 35,59 m (116&#8242; 9&#8243;) Alcance horizontal 31,70 m (104&#8242;) Alcance desde la parte delantera del cami\u00f3n* 29,34 m (96&#8242; 3&#8243;) Profundidad de alcance 22,76 m (74&#8242; 8&#8243;) Altura de despliegue 8,71 m (28&#8242; 7&#8243;) Pluma de 4 [&hellip;]\" \/>\n<meta property=\"og:url\" content=\"https:\/\/manrent.com.mx\/?product=bomba-para-concreto-bsf36z\" \/>\n<meta property=\"og:site_name\" content=\"MANRENT\" \/>\n<meta property=\"article:modified_time\" content=\"2023-04-27T18:46:12+00:00\" \/>\n<meta property=\"og:image\" content=\"https:\/\/manrent.com.mx\/wp-content\/uploads\/2023\/03\/bomba-para-concreto-BSF36Z.jpg\" \/>\n\t<meta property=\"og:image:width\" content=\"1032\" \/>\n\t<meta property=\"og:image:height\" content=\"581\" \/>\n\t<meta property=\"og:image:type\" content=\"image\/jpeg\" \/>\n<meta name=\"twitter:card\" content=\"summary_large_image\" \/>\n<meta name=\"twitter:label1\" content=\"Tiempo de lectura\" \/>\n\t<meta name=\"twitter:data1\" content=\"2 minutos\" \/>\n<script type=\"application\/ld+json\" class=\"yoast-schema-graph\">{\"@context\":\"https:\/\/schema.org\",\"@graph\":[{\"@type\":\"WebPage\",\"@id\":\"https:\/\/manrent.com.mx\/?product=bomba-para-concreto-bsf36z\",\"url\":\"https:\/\/manrent.com.mx\/?product=bomba-para-concreto-bsf36z\",\"name\":\"Bomba para Concreto BSF36Z - MANRENT\",\"isPartOf\":{\"@id\":\"https:\/\/manrent.com.mx\/#website\"},\"datePublished\":\"2023-03-16T21:56:25+00:00\",\"dateModified\":\"2023-04-27T18:46:12+00:00\",\"breadcrumb\":{\"@id\":\"https:\/\/manrent.com.mx\/?product=bomba-para-concreto-bsf36z#breadcrumb\"},\"inLanguage\":\"es-MX\",\"potentialAction\":[{\"@type\":\"ReadAction\",\"target\":[\"https:\/\/manrent.com.mx\/?product=bomba-para-concreto-bsf36z\"]}]},{\"@type\":\"BreadcrumbList\",\"@id\":\"https:\/\/manrent.com.mx\/?product=bomba-para-concreto-bsf36z#breadcrumb\",\"itemListElement\":[{\"@type\":\"ListItem\",\"position\":1,\"name\":\"Inicio\",\"item\":\"https:\/\/manrent.com.mx\/\"},{\"@type\":\"ListItem\",\"position\":2,\"name\":\"Cat\u00e1logo de Productos\",\"item\":\"https:\/\/manrent.com.mx\/?page_id=3037\"},{\"@type\":\"ListItem\",\"position\":3,\"name\":\"Bomba para Concreto BSF36Z\"}]},{\"@type\":\"WebSite\",\"@id\":\"https:\/\/manrent.com.mx\/#website\",\"url\":\"https:\/\/manrent.com.mx\/\",\"name\":\"MANRENT\",\"description\":\"Renta de Maquinaria Pesada y Equipo\",\"publisher\":{\"@id\":\"https:\/\/manrent.com.mx\/#organization\"},\"potentialAction\":[{\"@type\":\"SearchAction\",\"target\":{\"@type\":\"EntryPoint\",\"urlTemplate\":\"https:\/\/manrent.com.mx\/?s={search_term_string}\"},\"query-input\":\"required name=search_term_string\"}],\"inLanguage\":\"es-MX\"},{\"@type\":\"Organization\",\"@id\":\"https:\/\/manrent.com.mx\/#organization\",\"name\":\"Manrent\",\"url\":\"https:\/\/manrent.com.mx\/\",\"logo\":{\"@type\":\"ImageObject\",\"inLanguage\":\"es-MX\",\"@id\":\"https:\/\/manrent.com.mx\/#\/schema\/logo\/image\/\",\"url\":\"https:\/\/manrent.com.mx\/wp-content\/uploads\/2020\/12\/LOGO-SIN-FONDO-NUEVO-2.png\",\"contentUrl\":\"https:\/\/manrent.com.mx\/wp-content\/uploads\/2020\/12\/LOGO-SIN-FONDO-NUEVO-2.png\",\"width\":262,\"height\":168,\"caption\":\"Manrent\"},\"image\":{\"@id\":\"https:\/\/manrent.com.mx\/#\/schema\/logo\/image\/\"}}]}<\/script>\n<!-- \/ Yoast SEO plugin. -->","yoast_head_json":{"title":"Bomba para Concreto BSF36Z - MANRENT","robots":{"index":"index","follow":"follow","max-snippet":"max-snippet:-1","max-image-preview":"max-image-preview:large","max-video-preview":"max-video-preview:-1"},"canonical":"https:\/\/manrent.com.mx\/?product=bomba-para-concreto-bsf36z","og_locale":"es_MX","og_type":"article","og_title":"Bomba para Concreto BSF36Z - MANRENT","og_description":"Marca PUTZMEISTER Modelo BSF36Z Especificaciones de la pluma \u2022 Dise\u00f1o en Z m\u00faltiple Altura y alcance Alcance vertical 35,59 m (116&#8242; 9&#8243;) Alcance horizontal 31,70 m (104&#8242;) Alcance desde la parte delantera del cami\u00f3n* 29,34 m (96&#8242; 3&#8243;) Profundidad de alcance 22,76 m (74&#8242; 8&#8243;) Altura de despliegue 8,71 m (28&#8242; 7&#8243;) Pluma de 4 [&hellip;]","og_url":"https:\/\/manrent.com.mx\/?product=bomba-para-concreto-bsf36z","og_site_name":"MANRENT","article_modified_time":"2023-04-27T18:46:12+00:00","og_image":[{"width":1032,"height":581,"url":"https:\/\/manrent.com.mx\/wp-content\/uploads\/2023\/03\/bomba-para-concreto-BSF36Z.jpg","type":"image\/jpeg"}],"twitter_card":"summary_large_image","twitter_misc":{"Tiempo de lectura":"2 minutos"},"schema":{"@context":"https:\/\/schema.org","@graph":[{"@type":"WebPage","@id":"https:\/\/manrent.com.mx\/?product=bomba-para-concreto-bsf36z","url":"https:\/\/manrent.com.mx\/?product=bomba-para-concreto-bsf36z","name":"Bomba para Concreto BSF36Z - MANRENT","isPartOf":{"@id":"https:\/\/manrent.com.mx\/#website"},"datePublished":"2023-03-16T21:56:25+00:00","dateModified":"2023-04-27T18:46:12+00:00","breadcrumb":{"@id":"https:\/\/manrent.com.mx\/?product=bomba-para-concreto-bsf36z#breadcrumb"},"inLanguage":"es-MX","potentialAction":[{"@type":"ReadAction","target":["https:\/\/manrent.com.mx\/?product=bomba-para-concreto-bsf36z"]}]},{"@type":"BreadcrumbList","@id":"https:\/\/manrent.com.mx\/?product=bomba-para-concreto-bsf36z#breadcrumb","itemListElement":[{"@type":"ListItem","position":1,"name":"Inicio","item":"https:\/\/manrent.com.mx\/"},{"@type":"ListItem","position":2,"name":"Cat\u00e1logo de Productos","item":"https:\/\/manrent.com.mx\/?page_id=3037"},{"@type":"ListItem","position":3,"name":"Bomba para Concreto BSF36Z"}]},{"@type":"WebSite","@id":"https:\/\/manrent.com.mx\/#website","url":"https:\/\/manrent.com.mx\/","name":"MANRENT","description":"Renta de Maquinaria Pesada y Equipo","publisher":{"@id":"https:\/\/manrent.com.mx\/#organization"},"potentialAction":[{"@type":"SearchAction","target":{"@type":"EntryPoint","urlTemplate":"https:\/\/manrent.com.mx\/?s={search_term_string}"},"query-input":"required name=search_term_string"}],"inLanguage":"es-MX"},{"@type":"Organization","@id":"https:\/\/manrent.com.mx\/#organization","name":"Manrent","url":"https:\/\/manrent.com.mx\/","logo":{"@type":"ImageObject","inLanguage":"es-MX","@id":"https:\/\/manrent.com.mx\/#\/schema\/logo\/image\/","url":"https:\/\/manrent.com.mx\/wp-content\/uploads\/2020\/12\/LOGO-SIN-FONDO-NUEVO-2.png","contentUrl":"https:\/\/manrent.com.mx\/wp-content\/uploads\/2020\/12\/LOGO-SIN-FONDO-NUEVO-2.png","width":262,"height":168,"caption":"Manrent"},"image":{"@id":"https:\/\/manrent.com.mx\/#\/schema\/logo\/image\/"}}]}},"jetpack_sharing_enabled":true,"_links":{"self":[{"href":"https:\/\/manrent.com.mx\/index.php?rest_route=\/wp\/v2\/product\/3054"}],"collection":[{"href":"https:\/\/manrent.com.mx\/index.php?rest_route=\/wp\/v2\/product"}],"about":[{"href":"https:\/\/manrent.com.mx\/index.php?rest_route=\/wp\/v2\/types\/product"}],"replies":[{"embeddable":true,"href":"https:\/\/manrent.com.mx\/index.php?rest_route=%2Fwp%2Fv2%2Fcomments&post=3054"}],"version-history":[{"count":1,"href":"https:\/\/manrent.com.mx\/index.php?rest_route=\/wp\/v2\/product\/3054\/revisions"}],"predecessor-version":[{"id":3063,"href":"https:\/\/manrent.com.mx\/index.php?rest_route=\/wp\/v2\/product\/3054\/revisions\/3063"}],"wp:featuredmedia":[{"embeddable":true,"href":"https:\/\/manrent.com.mx\/index.php?rest_route=\/wp\/v2\/media\/3329"}],"wp:attachment":[{"href":"https:\/\/manrent.com.mx\/index.php?rest_route=%2Fwp%2Fv2%2Fmedia&parent=3054"}],"wp:term":[{"taxonomy":"product_cat","embeddable":true,"href":"https:\/\/manrent.com.mx\/index.php?rest_route=%2Fwp%2Fv2%2Fproduct_cat&post=3054"},{"taxonomy":"product_tag","embeddable":true,"href":"https:\/\/manrent.com.mx\/index.php?rest_route=%2Fwp%2Fv2%2Fproduct_tag&post=3054"}],"curies":[{"name":"wp","href":"https:\/\/api.w.org\/{rel}","templated":true}]}}